 by 465?
257
What is the remainder when 1339 is divided by 504?
331
Calculate the remainder when 61483 is divided by 42.
37
Calculate the remainder when 13084 is divided by 55.
49
Calculate the remainder when 128170 is divided by 66.
64
What is the remainder when 2967 is divided by 967?
66
Calculate the remainder when 94217 is divided by 140.
137
What is the remainder when 915849 is divided by 720?
9
Calculate the remainder when 22281 is divided by 5569.
5
What is the remainder when 508 is divided by 234?
40
Calculate the remainder when 3301 is divided by 2927.
374
Calculate the remainder when 5098 is divided by 3.
1
What is the remainder when 1497 is divided by 103?
55
Calculate the remainder when 82472 is divided by 133.
12
What is the remainder when 8851 is divided by 2607?
1030
Calculate the remainder when 29012 is divided by 248.
244
Calculate the remainder when 1479081 is divided by 932.
929
Calculate the remainder when 470016 is divided by 36153.
27
Calculate the remainder when 375841 is divided by 14.
11
What is the remainder when 5205 is divided by 649?
13
Calculate the remainder when 873 is divided by 217.
5
What is the remainder when 39149 is divided by 1407?
1160
What is the remainder when 99521 is divided by 179?
176
What is the remainder when 14014 is divided by 201?
145
What is the remainder when 4537 is divided by 504?
1
Calculate the remainder when 1996 is divided by 154.
148
What is the remainder when 23806 is divided by 467?
456
What is the remainder when 74938 is divided by 12?
10
What is the remainder when 1027406 is divided by 8?
6
What is the remainder when 98524 is divided by 118?
112
What is the remainder when 125026 is divided by 5001?
1
Calculate the remainder when 2339 is divided by 2260.
79
What is the remainder when 886528 is divided by 256?
0
Calculate the remainder when 4088 is divided by 186.
182
What is the remainder when 53556 is divided by 229?
199
Calculate the remainder when 1623 is divided by 764.
95
Calculate the remainder when 361260 is divided by 180625.
10
Calculate the remainder when 33385 is divided by 8323.
93
Calculate the remainder when 1508 is divided by 1496.
12
Calculate the remainder when 27419 is divided by 421.
54
Calculate the remainder when 14654 is divided by 349.
345
Calculate the remainder when 6589 is divided by 6283.
306
Calculate the remainder when 1440656 is divided by 1847.
1843
What is the remainder when 3240 is divided by 283?
127
Calculate the remainder when 26798 is divided by 9.
5
Calculate the remainder when 265614 is divided by 1165.
1159
What is the remainder when 2684 is divided by 186?
80
Calculate the remainder when 14008 is divided by 16.
8
Calculate the remainder when 75781 is divided by 4735.
21
What is the remainder when 12572 is divided by 547?
538
What is the remainder when 1974 is divided by 38?
36
Calculate the remainder when 23305 is divided by 17.
15
Calculate the remainder when 39787 is divided by 28.
27
What is the remainder when 621348 is divided by 101?
97
What is the remainder when 9261 is divided by 107?
59
Calculate the remainder when 17022 is divided by 1701.
12
Calculate the remainder when 1447 is divided by 48.
7
Calculate the remainder when 17309 is divided by 116.
25
Calculate the remainder when 15798 is divided by 186.
174
What is the remainder when 124077 is divided by 13?
5
Calculate the remainder when 67794 is divided by 35.
34
What is the remainder when 21874 is divided by 239?
125
What is the remainder when 45479 is divided by 24?
23
What is the remainder when 698 is divided by 17?
1
Calculate the remainder when 7558 is divided by 1322.
948
Calculate the remainder when 27059 is divided by 64.
51
Calculate the remainder when 931 is divided by 500.
431
Calculate the remainder when 14492 is divided by 4765.
197
What is the remainder when 6291 is divided by 87?
27
What is the remainder when 612032 is divided by 93?
92
Calculate the remainder when 6068 is divided by 63.
20
What is the remainder when 27719 is divided by 6929?
3
Calculate the remainder when 4922 is divided by 1536.
314
What is the remainder when 1042 is divided by 105?
97
What is the remainder when 55808 is divided by 886?
876
Calculate the remainder when 5994 is divided by 5967.
27
Calculate the remainder when 121850 is divided by 69.
65
What is the remainder when 39062 is divided by 3906?
2
Calculate the remainder when 11654 is divided by 3809.
227
What is the remainder when 14881760 is divided by 1918?
1916
What is the remainder when 75243 is divided by 1176?
1155
What is the remainder when 12953 is divided by 381?
380
What is the remainder when 273947 is divided by 302?
33
What is the remainder when 6447 is divided by 9?
3
Calculate the remainder when 5348 is divided by 166.
36
Calculate the remainder when 2773 is divided by 868.
169
Calculate the remainder when 1628836 is divided by 206.
200
What is the remainder when 59966 is divided by 2725?
16
Calculate the remainder when 938 is divided by 305.
23
Calculate the remainder when 481 is divided by 139.
64
Calculate the remainder when 44844 is divided by 230.
224
What is the remainder when 14217 is divided by 158?
155
What is the remainder when 1465 is divided by 448?
121
What is the remainder when 58177 is divided by 179?
2
What is the remainder when 284613 is divided by 6?
3
What is the remainder when 31197 is divided by 95?
37
Calculate the remainder when 36856 is divided by 188.
8
What is the remainder when 2474 is divided by 294?
122
What is the remainder when 6035721 is divided by 431?
428
What is the remainder when 5615 is divided by 82?
39
Calculate the remainder when 2439 is divided by 607.
11
Calculate the remainder when 19949 is divided by 114.
113
Calculate the remainder when 109751 is divided by 871.
5
Calculate the remainder when 564751 is divided by 376.
375
Calculate the remainder when 13233 is divided by 457.
437
What is the remainder when 22759 is divided by 326?
265
Calculate the remainder when 2765 is divided by 1341.
83
Calculate the remainder when 12158 is divided by 32.
30
What is the remainder when 24128 is divided by 61?
33
What is the remainder when 1026541 is divided by 638?
637
Calculate the remainder when 4250 is divided by 121.
15
Calculate the remainder when 27236 is divided by 9059.
59
Calculate the remainder when 11297 is divided by 5617.
63
Calculate the remainder when 2373 is divided by 213.
30
Calculate the remainder when 16418 is divided by 216.
2
What is the remainder when 27686 is divided by 9226?
8
What is the remainder when 242105 is divided by 80698?
11
Calculate the remainder when 5005 is divided by 4999.
6
Calculate the remainder when 335 is divided by 106.
17
What is the remainder when 615186 is divided by 127?
125
What is the remainder when 1771845 is divided by 1262?
1259
What is the remainder when 91422 is divided by 91234?
188
What is the remainder when 993515 is divided by 43?
0
Calculate the remainder when 11074 is divided by 55.
19
What is the remainder when 15129 is divided by 1096?
881
Calculate the remainder when 12215 is divided by 1508.
151
Calculate the remainder when 36758 is divided by 9189.
2
Calculate the remainder when 4928269 is divided by 10.
9
Calculate the remainder when 4559 is divided by 77.
16
Calculate the remainder when 108630 is divided by 1006.
988
What is the remainder when 2045 is divided by 366?
215
Calculate the remainder when 2832 is divided by 265.
182
What is the remainder when 10619760 is divided by 557?
555
Calculate the remainder when 8682 is divided by 144.
42
Calculate the remainder when 69218 is divided by 69083.
135
Calculate the remainder when 23742 is divided by 371.
369
Calculate the remainder when 50754 is divided by 66.
0
What is the remainder when 802 is divided by 726?
76
Calculate the remainder when 123820 is divided by 123807.
13
Calculate the remainder when 216241 is divided by 22.
3
What is the remainder when 3983 is divided by 181?
1
What is the remainder when 542 is divided by 337?
205
What is the remainder when 13404 is divided by 54?
12
What is the remainder when 30634 is divided by 1387?
120
Calculate the remainder when 200184 is divided by 47.
11
What is the remainder when 23709 is divided by 158?
9
What is the remainder 